{"version":"1.0","provider_name":"JU \u201eAgencija za kulturno-povijesnu i prirodnu ba\u0161tinu i razvoj turisti\u010dkih potencijala grada Jajca\u201c","provider_url":"https:\/\/www.agencija-jajce.ba\/tr\/","author_name":"Admin","author_url":"https:\/\/www.agencija-jajce.ba\/tr\/author\/admin\/","title":"\u0130kinci AVNOJ oturumu m\u00fczesi","type":"rich","width":600,"height":338,"html":"<blockquote class=\"wp-embedded-content\" data-secret=\"mGyngGMqOQ\"><a href=\"https:\/\/www.agencija-jajce.ba\/tr\/ikinci-avnoj-oturumu-muzesi\/\">\u0130kinci AVNOJ oturumu m\u00fczesi<\/a><\/blockquote><iframe sandbox=\"allow-scripts\" security=\"restricted\" src=\"https:\/\/www.agencija-jajce.ba\/tr\/ikinci-avnoj-oturumu-muzesi\/embed\/#?secret=mGyngGMqOQ\" width=\"600\" height=\"338\" title=\"&#8220;\u0130kinci AVNOJ oturumu m\u00fczesi&#8221; &#8212; JU \u201eAgencija za kulturno-povijesnu i prirodnu ba\u0161tinu i razvoj turisti\u010dkih potencijala grada Jajca\u201c\" data-secret=\"mGyngGMqOQ\" frameborder=\"0\" marginwidth=\"0\" marginheight=\"0\" scrolling=\"no\" class=\"wp-embedded-content\"><\/iframe><script type=\"text\/javascript\">\n\/* <![CDATA[ *\/\n\/*! This file is auto-generated *\/\n!function(d,l){\"use strict\";l.querySelector&&d.addEventListener&&\"undefined\"!=typeof URL&&(d.wp=d.wp||{},d.wp.receiveEmbedMessage||(d.wp.receiveEmbedMessage=function(e){var t=e.data;if((t||t.secret||t.message||t.value)&&!\/[^a-zA-Z0-9]\/.test(t.secret)){for(var s,r,n,a=l.querySelectorAll('iframe[data-secret=\"'+t.secret+'\"]'),o=l.querySelectorAll('blockquote[data-secret=\"'+t.secret+'\"]'),c=new RegExp(\"^https?:$\",\"i\"),i=0;i<o.length;i++)o[i].style.display=\"none\";for(i=0;i<a.length;i++)s=a[i],e.source===s.contentWindow&&(s.removeAttribute(\"style\"),\"height\"===t.message?(1e3<(r=parseInt(t.value,10))?r=1e3:~~r<200&&(r=200),s.height=r):\"link\"===t.message&&(r=new URL(s.getAttribute(\"src\")),n=new URL(t.value),c.test(n.protocol))&&n.host===r.host&&l.activeElement===s&&(d.top.location.href=t.value))}},d.addEventListener(\"message\",d.wp.receiveEmbedMessage,!1),l.addEventListener(\"DOMContentLoaded\",function(){for(var e,t,s=l.querySelectorAll(\"iframe.wp-embedded-content\"),r=0;r<s.length;r++)(t=(e=s[r]).getAttribute(\"data-secret\"))||(t=Math.random().toString(36).substring(2,12),e.src+=\"#?secret=\"+t,e.setAttribute(\"data-secret\",t)),e.contentWindow.postMessage({message:\"ready\",secret:t},\"*\")},!1)))}(window,document);\n\/* ]]> *\/\n<\/script>\n","thumbnail_url":"https:\/\/www.agencija-jajce.ba\/wp-content\/uploads\/2017\/03\/avnoj2.jpg","thumbnail_width":500,"thumbnail_height":333,"description":"\u0130kinci AVnoj Oturumu M\u00fczesi Avrupa&#8217;da anti-fa\u015fit global bir fenomen olan birka\u00e7 m\u00fczeden biridir. M\u00fcze 1953 y\u0131l\u0131nda Yugoslav Merkezi An\u0131tlar M\u00fczesi Enstit\u00fcs\u00fc olarak kuruldu 29 ve 30 Kas\u0131m 1943 y\u0131l\u0131nda, Bosna-Hersek, H\u0131rvatistan, S\u0131rbistan, Karada\u011f, Makedonya ve Slovenya&#8217;y\u0131 temsil eden 142 delegenin kat\u0131l\u0131m\u0131 ile, ki bu delegelerden baz\u0131lar\u0131 federal bir devlet egemenli\u011fi olu\u015fturulmak i\u00e7in tekrar g\u00f6revlendirildiler ( Sosyalist Federal Yugoslavya Cumhuriyeti), Yugoslavya Ulusal Kurtulu\u015f Anti Fa\u015fist Konseyi bu binadad\u0131r. Ziyaret\u00e7iler merkezde Tito&#8217;nun oturdu\u011fu orjinal makam koltu\u011funu, farkl\u0131 \u015fekiller de ve formlarda birka\u00e7 orjinal koltu\u011fu, Lenin, Marx, Engels, Tito, Stalin ve Roosevelt&#8217;e ait ressam Djorden Andrejevic&#8217;in resimlerini, ressam Bozidar Jakac&#8217;a ait resimleri ve ihtisas k\u00fct\u00fcphanesini g\u00f6rebilirler. M\u00fcze otob\u00fcs terminalinin ve \u015felalelerin&hellip;"}

JU „Agencija za kulturno-povijesnu i prirodnu baštinu i razvoj turističkih potencijala grada Jajca“

İkinci AVNOJ oturumu müzesi

<blockquote class="wp-embedded-content" data-secret="mGyngGMqOQ"><a href="https://www.agencija-jajce.ba/tr/ikinci-avnoj-oturumu-muzesi/">İkinci AVNOJ oturumu müzesi</a></blockquote><iframe sandbox="allow-scripts" security="restricted" src="https://www.agencija-jajce.ba/tr/ikinci-avnoj-oturumu-muzesi/embed/#?secret=mGyngGMqOQ" width="600" height="338" title="&#8220;İkinci AVNOJ oturumu müzesi&#8221; &#8212; JU „Agencija za kulturno-povijesnu i prirodnu baštinu i razvoj turističkih potencijala grada Jajca“" data-secret="mGyngGMqOQ" frameborder="0" marginwidth="0" marginheight="0" scrolling="no" class="wp-embedded-content"></iframe><script type="text/javascript">
/* <![CDATA[ */
/*! This file is auto-generated */
!function(d,l){"use strict";l.querySelector&&d.addEventListener&&"undefined"!=typeof URL&&(d.wp=d.wp||{},d.wp.receiveEmbedMessage||(d.wp.receiveEmbedMessage=function(e){var t=e.data;if((t||t.secret||t.message||t.value)&&!/[^a-zA-Z0-9]/.test(t.secret)){for(var s,r,n,a=l.querySelectorAll('iframe[data-secret="'+t.secret+'"]'),o=l.querySelectorAll('blockquote[data-secret="'+t.secret+'"]'),c=new RegExp("^https?:$","i"),i=0;i<o.length;i++)o[i].style.display="none";for(i=0;i<a.length;i++)s=a[i],e.source===s.contentWindow&&(s.removeAttribute("style"),"height"===t.message?(1e3<(r=parseInt(t.value,10))?r=1e3:~~r<200&&(r=200),s.height=r):"link"===t.message&&(r=new URL(s.getAttribute("src")),n=new URL(t.value),c.test(n.protocol))&&n.host===r.host&&l.activeElement===s&&(d.top.location.href=t.value))}},d.addEventListener("message",d.wp.receiveEmbedMessage,!1),l.addEventListener("DOMContentLoaded",function(){for(var e,t,s=l.querySelectorAll("iframe.wp-embedded-content"),r=0;r<s.length;r++)(t=(e=s[r]).getAttribute("data-secret"))||(t=Math.random().toString(36).substring(2,12),e.src+="#?secret="+t,e.setAttribute("data-secret",t)),e.contentWindow.postMessage({message:"ready",secret:t},"*")},!1)))}(window,document);
/* ]]> */
</script>

İkinci AVnoj Oturumu Müzesi Avrupa&#8217;da anti-faşit global bir fenomen olan birkaç müzeden biridir. Müze 1953 yılında Yugoslav Merkezi Anıtlar Müzesi Enstitüsü olarak kuruldu 29 ve 30 Kasım 1943 yılında, Bosna-Hersek, Hırvatistan, Sırbistan, Karadağ, Makedonya ve Slovenya&#8217;yı temsil eden 142 delegenin katılımı ile, ki bu delegelerden bazıları federal bir devlet egemenliği oluşturulmak için tekrar görevlendirildiler ( Sosyalist Federal Yugoslavya Cumhuriyeti), Yugoslavya Ulusal Kurtuluş Anti Faşist Konseyi bu binadadır. Ziyaretçiler merkezde Tito&#8217;nun oturduğu orjinal makam koltuğunu, farklı şekiller de ve formlarda birkaç orjinal koltuğu, Lenin, Marx, Engels, Tito, Stalin ve Roosevelt&#8217;e ait ressam Djorden Andrejevic&#8217;in resimlerini, ressam Bozidar Jakac&#8217;a ait resimleri ve ihtisas kütüphanesini görebilirler. Müze otobüs terminalinin ve şelalelerin&hellip;
