{"version":"1.0","provider_name":"JU \u201eAgencija za kulturno-povijesnu i prirodnu ba\u0161tinu i razvoj turisti\u010dkih potencijala grada Jajca\u201c","provider_url":"https:\/\/www.agencija-jajce.ba\/pl\/","author_name":"Admin","author_url":"https:\/\/www.agencija-jajce.ba\/pl\/author\/admin\/","title":"Muzeum Drugiej Sesji AVNOJ","type":"rich","width":600,"height":338,"html":"<blockquote class=\"wp-embedded-content\" data-secret=\"S3345L7EMf\"><a href=\"https:\/\/www.agencija-jajce.ba\/pl\/muzeum-drugiej-sesji-avnoj\/\">Muzeum Drugiej Sesji AVNOJ<\/a><\/blockquote><iframe sandbox=\"allow-scripts\" security=\"restricted\" src=\"https:\/\/www.agencija-jajce.ba\/pl\/muzeum-drugiej-sesji-avnoj\/embed\/#?secret=S3345L7EMf\" width=\"600\" height=\"338\" title=\"&#8222;Muzeum Drugiej Sesji AVNOJ&#8221; &#8212; JU \u201eAgencija za kulturno-povijesnu i prirodnu ba\u0161tinu i razvoj turisti\u010dkih potencijala grada Jajca\u201c\" data-secret=\"S3345L7EMf\" frameborder=\"0\" marginwidth=\"0\" marginheight=\"0\" scrolling=\"no\" class=\"wp-embedded-content\"><\/iframe><script type=\"text\/javascript\">\n\/* <![CDATA[ *\/\n\/*! This file is auto-generated *\/\n!function(d,l){\"use strict\";l.querySelector&&d.addEventListener&&\"undefined\"!=typeof URL&&(d.wp=d.wp||{},d.wp.receiveEmbedMessage||(d.wp.receiveEmbedMessage=function(e){var t=e.data;if((t||t.secret||t.message||t.value)&&!\/[^a-zA-Z0-9]\/.test(t.secret)){for(var s,r,n,a=l.querySelectorAll('iframe[data-secret=\"'+t.secret+'\"]'),o=l.querySelectorAll('blockquote[data-secret=\"'+t.secret+'\"]'),c=new RegExp(\"^https?:$\",\"i\"),i=0;i<o.length;i++)o[i].style.display=\"none\";for(i=0;i<a.length;i++)s=a[i],e.source===s.contentWindow&&(s.removeAttribute(\"style\"),\"height\"===t.message?(1e3<(r=parseInt(t.value,10))?r=1e3:~~r<200&&(r=200),s.height=r):\"link\"===t.message&&(r=new URL(s.getAttribute(\"src\")),n=new URL(t.value),c.test(n.protocol))&&n.host===r.host&&l.activeElement===s&&(d.top.location.href=t.value))}},d.addEventListener(\"message\",d.wp.receiveEmbedMessage,!1),l.addEventListener(\"DOMContentLoaded\",function(){for(var e,t,s=l.querySelectorAll(\"iframe.wp-embedded-content\"),r=0;r<s.length;r++)(t=(e=s[r]).getAttribute(\"data-secret\"))||(t=Math.random().toString(36).substring(2,12),e.src+=\"#?secret=\"+t,e.setAttribute(\"data-secret\",t)),e.contentWindow.postMessage({message:\"ready\",secret:t},\"*\")},!1)))}(window,document);\n\/* ]]> *\/\n<\/script>\n","thumbnail_url":"https:\/\/www.agencija-jajce.ba\/wp-content\/uploads\/2017\/03\/avnoj2.jpg","thumbnail_width":500,"thumbnail_height":333,"description":"Muzeum Drugiej Sesji AVNOJ jest jednym z wielu muze\u00f3w w Europie po\u015bwi\u0119conych antyfaszystowskiej tematyce.Muzeum powsta\u0142o w 1953 roku jako centralna, jugos\u0142owia\u0144ska instytucja pami\u0105tkowa tego okresu. W dniach 29 i 30 listopada 1943 w tym budynku odby\u0142o si\u0119 drugie posiedzenie Rady Antyfaszystowskiego Wyzwolenia Narodowego Jugos\u0142awii (AVNOJ), na kt\u00f3rym przedstawiciele Bo\u015bni i Hercegowiny, Chorwacji, Serbii, Czarnog\u00f3ry, Macedonii i S\u0142owenii, kt\u00f3rzy zrzekli si\u0119 pewnych element\u00f3w swojej suwerenno\u015bci, stworzenia Socjalistyczn\u0105 Federacyjn\u0119 Republiki Jugos\u0142awii. Ekspozycja muzeum, obok oryginalnych krzese\u0142 Tity, dw\u00f3ch foteli i krzes\u0142a z oryginalnych Drugiej Sesji AVNOJ, zawiera portrety malarza Djordje Andrejevic Kun, dzia\u0142a malarz Bozidar Jaka\u0107, jak r\u00f3wnie\u017c bibliotek\u0119. Muzeum znajduje si\u0119 w pobli\u017cu dworca autobusowego i wodospadu. Oferuje tak\u017ce&hellip;"}

JU „Agencija za kulturno-povijesnu i prirodnu baštinu i razvoj turističkih potencijala grada Jajca“

<blockquote class="wp-embedded-content" data-secret="S3345L7EMf"><a href="https://www.agencija-jajce.ba/pl/muzeum-drugiej-sesji-avnoj/">Muzeum Drugiej Sesji AVNOJ</a></blockquote><iframe sandbox="allow-scripts" security="restricted" src="https://www.agencija-jajce.ba/pl/muzeum-drugiej-sesji-avnoj/embed/#?secret=S3345L7EMf" width="600" height="338" title="&#8222;Muzeum Drugiej Sesji AVNOJ&#8221; &#8212; JU „Agencija za kulturno-povijesnu i prirodnu baštinu i razvoj turističkih potencijala grada Jajca“" data-secret="S3345L7EMf" frameborder="0" marginwidth="0" marginheight="0" scrolling="no" class="wp-embedded-content"></iframe><script type="text/javascript">
/* <![CDATA[ */
/*! This file is auto-generated */
!function(d,l){"use strict";l.querySelector&&d.addEventListener&&"undefined"!=typeof URL&&(d.wp=d.wp||{},d.wp.receiveEmbedMessage||(d.wp.receiveEmbedMessage=function(e){var t=e.data;if((t||t.secret||t.message||t.value)&&!/[^a-zA-Z0-9]/.test(t.secret)){for(var s,r,n,a=l.querySelectorAll('iframe[data-secret="'+t.secret+'"]'),o=l.querySelectorAll('blockquote[data-secret="'+t.secret+'"]'),c=new RegExp("^https?:$","i"),i=0;i<o.length;i++)o[i].style.display="none";for(i=0;i<a.length;i++)s=a[i],e.source===s.contentWindow&&(s.removeAttribute("style"),"height"===t.message?(1e3<(r=parseInt(t.value,10))?r=1e3:~~r<200&&(r=200),s.height=r):"link"===t.message&&(r=new URL(s.getAttribute("src")),n=new URL(t.value),c.test(n.protocol))&&n.host===r.host&&l.activeElement===s&&(d.top.location.href=t.value))}},d.addEventListener("message",d.wp.receiveEmbedMessage,!1),l.addEventListener("DOMContentLoaded",function(){for(var e,t,s=l.querySelectorAll("iframe.wp-embedded-content"),r=0;r<s.length;r++)(t=(e=s[r]).getAttribute("data-secret"))||(t=Math.random().toString(36).substring(2,12),e.src+="#?secret="+t,e.setAttribute("data-secret",t)),e.contentWindow.postMessage({message:"ready",secret:t},"*")},!1)))}(window,document);
/* ]]> */
</script>

Muzeum Drugiej Sesji AVNOJ jest jednym z wielu muzeów w Europie poświęconych antyfaszystowskiej tematyce.Muzeum powstało w 1953 roku jako centralna, jugosłowiańska instytucja pamiątkowa tego okresu. W dniach 29 i 30 listopada 1943 w tym budynku odbyło się drugie posiedzenie Rady Antyfaszystowskiego Wyzwolenia Narodowego Jugosławii (AVNOJ), na którym przedstawiciele Bośni i Hercegowiny, Chorwacji, Serbii, Czarnogóry, Macedonii i Słowenii, którzy zrzekli się pewnych elementów swojej suwerenności, stworzenia Socjalistyczną Federacyjnę Republiki Jugosławii. Ekspozycja muzeum, obok oryginalnych krzeseł Tity, dwóch foteli i krzesła z oryginalnych Drugiej Sesji AVNOJ, zawiera portrety malarza Djordje Andrejevic Kun, działa malarz Bozidar Jakać, jak również bibliotekę. Muzeum znajduje się w pobliżu dworca autobusowego i wodospadu. Oferuje także&hellip;
