{"version":"1.0","provider_name":"JU \u201eAgencija za kulturno-povijesnu i prirodnu ba\u0161tinu i razvoj turisti\u010dkih potencijala grada Jajca\u201c","provider_url":"https:\/\/www.agencija-jajce.ba\/it\/","author_name":"Admin","author_url":"https:\/\/www.agencija-jajce.ba\/it\/author\/admin\/","title":"Museo della seconda seduta dell'AVNOJ","type":"rich","width":600,"height":338,"html":"<blockquote class=\"wp-embedded-content\" data-secret=\"JO8Uj7OlgY\"><a href=\"https:\/\/www.agencija-jajce.ba\/it\/museo-della-seconda-seduta-dell-avnoj\/\">Museo della seconda seduta dell&#8217;AVNOJ<\/a><\/blockquote><iframe sandbox=\"allow-scripts\" security=\"restricted\" src=\"https:\/\/www.agencija-jajce.ba\/it\/museo-della-seconda-seduta-dell-avnoj\/embed\/#?secret=JO8Uj7OlgY\" width=\"600\" height=\"338\" title=\"&#8220;Museo della seconda seduta dell&#8217;AVNOJ&#8221; &#8212; JU \u201eAgencija za kulturno-povijesnu i prirodnu ba\u0161tinu i razvoj turisti\u010dkih potencijala grada Jajca\u201c\" data-secret=\"JO8Uj7OlgY\" frameborder=\"0\" marginwidth=\"0\" marginheight=\"0\" scrolling=\"no\" class=\"wp-embedded-content\"><\/iframe><script type=\"text\/javascript\">\n\/* <![CDATA[ *\/\n\/*! This file is auto-generated *\/\n!function(d,l){\"use strict\";l.querySelector&&d.addEventListener&&\"undefined\"!=typeof URL&&(d.wp=d.wp||{},d.wp.receiveEmbedMessage||(d.wp.receiveEmbedMessage=function(e){var t=e.data;if((t||t.secret||t.message||t.value)&&!\/[^a-zA-Z0-9]\/.test(t.secret)){for(var s,r,n,a=l.querySelectorAll('iframe[data-secret=\"'+t.secret+'\"]'),o=l.querySelectorAll('blockquote[data-secret=\"'+t.secret+'\"]'),c=new RegExp(\"^https?:$\",\"i\"),i=0;i<o.length;i++)o[i].style.display=\"none\";for(i=0;i<a.length;i++)s=a[i],e.source===s.contentWindow&&(s.removeAttribute(\"style\"),\"height\"===t.message?(1e3<(r=parseInt(t.value,10))?r=1e3:~~r<200&&(r=200),s.height=r):\"link\"===t.message&&(r=new URL(s.getAttribute(\"src\")),n=new URL(t.value),c.test(n.protocol))&&n.host===r.host&&l.activeElement===s&&(d.top.location.href=t.value))}},d.addEventListener(\"message\",d.wp.receiveEmbedMessage,!1),l.addEventListener(\"DOMContentLoaded\",function(){for(var e,t,s=l.querySelectorAll(\"iframe.wp-embedded-content\"),r=0;r<s.length;r++)(t=(e=s[r]).getAttribute(\"data-secret\"))||(t=Math.random().toString(36).substring(2,12),e.src+=\"#?secret=\"+t,e.setAttribute(\"data-secret\",t)),e.contentWindow.postMessage({message:\"ready\",secret:t},\"*\")},!1)))}(window,document);\n\/* ]]> *\/\n<\/script>\n","thumbnail_url":"https:\/\/www.agencija-jajce.ba\/wp-content\/uploads\/2017\/03\/avnoj2.jpg","thumbnail_width":500,"thumbnail_height":333,"description":"Il Museo AVNOJ e uno dei pocchi musei in Europa dedicati all&#8217;antifascismo come fenomeno. E fondato nel 1953 come istituzione centrale memoriale di Jugoslavia. In questo museo, il 29 e 30 novembre 1943 e stata mantenuta la seduta del Consiglio antifascista di liberazione popolare di Jugoslavia ( AVNOJ ) sulla quale i rappresentanti\u00a0 di Bosnia e Erzegovina, Croazia, Serbia, Montenegro, Macedonia e Slovenia, rinunciando a una parte della loro suverenita, crearono la Republica Socialista Federativa di Jugoalavia. L&#8217;impostazione di museo contiene la poltrona originale di Tito e gli altri ogetti originali dal periodo della famosa seduta, ritratti di pittore \u0110or\u0111e Andrejevi\u0107 Kuna,\u00a0 opere di pittore Bo\u017eidar Jakac e&hellip;"}

JU „Agencija za kulturno-povijesnu i prirodnu baštinu i razvoj turističkih potencijala grada Jajca“

<blockquote class="wp-embedded-content" data-secret="JO8Uj7OlgY"><a href="https://www.agencija-jajce.ba/it/museo-della-seconda-seduta-dell-avnoj/">Museo della seconda seduta dell&#8217;AVNOJ</a></blockquote><iframe sandbox="allow-scripts" security="restricted" src="https://www.agencija-jajce.ba/it/museo-della-seconda-seduta-dell-avnoj/embed/#?secret=JO8Uj7OlgY" width="600" height="338" title="&#8220;Museo della seconda seduta dell&#8217;AVNOJ&#8221; &#8212; JU „Agencija za kulturno-povijesnu i prirodnu baštinu i razvoj turističkih potencijala grada Jajca“" data-secret="JO8Uj7OlgY" frameborder="0" marginwidth="0" marginheight="0" scrolling="no" class="wp-embedded-content"></iframe><script type="text/javascript">
/* <![CDATA[ */
/*! This file is auto-generated */
!function(d,l){"use strict";l.querySelector&&d.addEventListener&&"undefined"!=typeof URL&&(d.wp=d.wp||{},d.wp.receiveEmbedMessage||(d.wp.receiveEmbedMessage=function(e){var t=e.data;if((t||t.secret||t.message||t.value)&&!/[^a-zA-Z0-9]/.test(t.secret)){for(var s,r,n,a=l.querySelectorAll('iframe[data-secret="'+t.secret+'"]'),o=l.querySelectorAll('blockquote[data-secret="'+t.secret+'"]'),c=new RegExp("^https?:$","i"),i=0;i<o.length;i++)o[i].style.display="none";for(i=0;i<a.length;i++)s=a[i],e.source===s.contentWindow&&(s.removeAttribute("style"),"height"===t.message?(1e3<(r=parseInt(t.value,10))?r=1e3:~~r<200&&(r=200),s.height=r):"link"===t.message&&(r=new URL(s.getAttribute("src")),n=new URL(t.value),c.test(n.protocol))&&n.host===r.host&&l.activeElement===s&&(d.top.location.href=t.value))}},d.addEventListener("message",d.wp.receiveEmbedMessage,!1),l.addEventListener("DOMContentLoaded",function(){for(var e,t,s=l.querySelectorAll("iframe.wp-embedded-content"),r=0;r<s.length;r++)(t=(e=s[r]).getAttribute("data-secret"))||(t=Math.random().toString(36).substring(2,12),e.src+="#?secret="+t,e.setAttribute("data-secret",t)),e.contentWindow.postMessage({message:"ready",secret:t},"*")},!1)))}(window,document);
/* ]]> */
</script>

Il Museo AVNOJ e uno dei pocchi musei in Europa dedicati all&#8217;antifascismo come fenomeno. E fondato nel 1953 come istituzione centrale memoriale di Jugoslavia. In questo museo, il 29 e 30 novembre 1943 e stata mantenuta la seduta del Consiglio antifascista di liberazione popolare di Jugoslavia ( AVNOJ ) sulla quale i rappresentanti  di Bosnia e Erzegovina, Croazia, Serbia, Montenegro, Macedonia e Slovenia, rinunciando a una parte della loro suverenita, crearono la Republica Socialista Federativa di Jugoalavia. L&#8217;impostazione di museo contiene la poltrona originale di Tito e gli altri ogetti originali dal periodo della famosa seduta, ritratti di pittore Đorđe Andrejević Kuna,  opere di pittore Božidar Jakac e&hellip;
