{"version":"1.0","provider_name":"JU \u201eAgencija za kulturno-povijesnu i prirodnu ba\u0161tinu i razvoj turisti\u010dkih potencijala grada Jajca\u201c","provider_url":"https:\/\/www.agencija-jajce.ba\/it\/","author_name":"Admin","author_url":"https:\/\/www.agencija-jajce.ba\/it\/author\/admin\/","title":"Galleria dell'arte","type":"rich","width":600,"height":338,"html":"<blockquote class=\"wp-embedded-content\" data-secret=\"TvAuZ8Hg1W\"><a href=\"https:\/\/www.agencija-jajce.ba\/it\/galleria-dell-arte\/\">Galleria dell&#8217;arte<\/a><\/blockquote><iframe sandbox=\"allow-scripts\" security=\"restricted\" src=\"https:\/\/www.agencija-jajce.ba\/it\/galleria-dell-arte\/embed\/#?secret=TvAuZ8Hg1W\" width=\"600\" height=\"338\" title=\"&#8220;Galleria dell&#8217;arte&#8221; &#8212; JU \u201eAgencija za kulturno-povijesnu i prirodnu ba\u0161tinu i razvoj turisti\u010dkih potencijala grada Jajca\u201c\" data-secret=\"TvAuZ8Hg1W\" frameborder=\"0\" marginwidth=\"0\" marginheight=\"0\" scrolling=\"no\" class=\"wp-embedded-content\"><\/iframe><script type=\"text\/javascript\">\n\/* <![CDATA[ *\/\n\/*! This file is auto-generated *\/\n!function(d,l){\"use strict\";l.querySelector&&d.addEventListener&&\"undefined\"!=typeof URL&&(d.wp=d.wp||{},d.wp.receiveEmbedMessage||(d.wp.receiveEmbedMessage=function(e){var t=e.data;if((t||t.secret||t.message||t.value)&&!\/[^a-zA-Z0-9]\/.test(t.secret)){for(var s,r,n,a=l.querySelectorAll('iframe[data-secret=\"'+t.secret+'\"]'),o=l.querySelectorAll('blockquote[data-secret=\"'+t.secret+'\"]'),c=new RegExp(\"^https?:$\",\"i\"),i=0;i<o.length;i++)o[i].style.display=\"none\";for(i=0;i<a.length;i++)s=a[i],e.source===s.contentWindow&&(s.removeAttribute(\"style\"),\"height\"===t.message?(1e3<(r=parseInt(t.value,10))?r=1e3:~~r<200&&(r=200),s.height=r):\"link\"===t.message&&(r=new URL(s.getAttribute(\"src\")),n=new URL(t.value),c.test(n.protocol))&&n.host===r.host&&l.activeElement===s&&(d.top.location.href=t.value))}},d.addEventListener(\"message\",d.wp.receiveEmbedMessage,!1),l.addEventListener(\"DOMContentLoaded\",function(){for(var e,t,s=l.querySelectorAll(\"iframe.wp-embedded-content\"),r=0;r<s.length;r++)(t=(e=s[r]).getAttribute(\"data-secret\"))||(t=Math.random().toString(36).substring(2,12),e.src+=\"#?secret=\"+t,e.setAttribute(\"data-secret\",t)),e.contentWindow.postMessage({message:\"ready\",secret:t},\"*\")},!1)))}(window,document);\n\/* ]]> *\/\n<\/script>\n","thumbnail_url":"http:\/\/www.agencija-jajce.ba\/wp-content\/uploads\/2017\/03\/galerija.jpg","thumbnail_width":500,"thumbnail_height":333,"description":"La galleria dell&#8217;arte e sistemata nella vecchia casa di Kr\u0161lak, appoggiata alle mura, in via verso la Fortezza. Nella galleria dell&#8217;arte sono esposte le\u00a0 opere dei pittori di Jajce oppure quelle degli\u00a0 altri pittori nate durante il \u00a0loro soggiorno a Jajce. In galeria dell&#8217;arte sono esposte anche le opere di scultore di Jajce, Du\u0161ko Rakita. Le attivita principali di galleria dell&#8217;arte sono le organizazioni delle scuole di pittura e delle colonie dell&#8217;arte. Informazioni contatto: la Galleria dell&#8217;artevia D\u017eikovac bb ( casa di Kr\u0161lak )tel: (0)30 659 541fax: (0)30 659 696mail: samir.hazbic@tel.net.baQuesto indirizzo email \u00e8 protetto dagli spambots. E&#8217; necessario abilitare JavaScript per vederlo."}

JU „Agencija za kulturno-povijesnu i prirodnu baštinu i razvoj turističkih potencijala grada Jajca“

<blockquote class="wp-embedded-content" data-secret="TvAuZ8Hg1W"><a href="https://www.agencija-jajce.ba/it/galleria-dell-arte/">Galleria dell&#8217;arte</a></blockquote><iframe sandbox="allow-scripts" security="restricted" src="https://www.agencija-jajce.ba/it/galleria-dell-arte/embed/#?secret=TvAuZ8Hg1W" width="600" height="338" title="&#8220;Galleria dell&#8217;arte&#8221; &#8212; JU „Agencija za kulturno-povijesnu i prirodnu baštinu i razvoj turističkih potencijala grada Jajca“" data-secret="TvAuZ8Hg1W" frameborder="0" marginwidth="0" marginheight="0" scrolling="no" class="wp-embedded-content"></iframe><script type="text/javascript">
/* <![CDATA[ */
/*! This file is auto-generated */
!function(d,l){"use strict";l.querySelector&&d.addEventListener&&"undefined"!=typeof URL&&(d.wp=d.wp||{},d.wp.receiveEmbedMessage||(d.wp.receiveEmbedMessage=function(e){var t=e.data;if((t||t.secret||t.message||t.value)&&!/[^a-zA-Z0-9]/.test(t.secret)){for(var s,r,n,a=l.querySelectorAll('iframe[data-secret="'+t.secret+'"]'),o=l.querySelectorAll('blockquote[data-secret="'+t.secret+'"]'),c=new RegExp("^https?:$","i"),i=0;i<o.length;i++)o[i].style.display="none";for(i=0;i<a.length;i++)s=a[i],e.source===s.contentWindow&&(s.removeAttribute("style"),"height"===t.message?(1e3<(r=parseInt(t.value,10))?r=1e3:~~r<200&&(r=200),s.height=r):"link"===t.message&&(r=new URL(s.getAttribute("src")),n=new URL(t.value),c.test(n.protocol))&&n.host===r.host&&l.activeElement===s&&(d.top.location.href=t.value))}},d.addEventListener("message",d.wp.receiveEmbedMessage,!1),l.addEventListener("DOMContentLoaded",function(){for(var e,t,s=l.querySelectorAll("iframe.wp-embedded-content"),r=0;r<s.length;r++)(t=(e=s[r]).getAttribute("data-secret"))||(t=Math.random().toString(36).substring(2,12),e.src+="#?secret="+t,e.setAttribute("data-secret",t)),e.contentWindow.postMessage({message:"ready",secret:t},"*")},!1)))}(window,document);
/* ]]> */
</script>

La galleria dell&#8217;arte e sistemata nella vecchia casa di Kršlak, appoggiata alle mura, in via verso la Fortezza. Nella galleria dell&#8217;arte sono esposte le  opere dei pittori di Jajce oppure quelle degli  altri pittori nate durante il  loro soggiorno a Jajce. In galeria dell&#8217;arte sono esposte anche le opere di scultore di Jajce, Duško Rakita. Le attivita principali di galleria dell&#8217;arte sono le organizazioni delle scuole di pittura e delle colonie dell&#8217;arte. Informazioni contatto: la Galleria dell&#8217;artevia Džikovac bb ( casa di Kršlak )tel: (0)30 659 541fax: (0)30 659 696mail: samir.hazbic@tel.net.baQuesto indirizzo email è protetto dagli spambots. E&#8217; necessario abilitare JavaScript per vederlo.
