{"version":"1.0","provider_name":"JU \u201eAgencija za kulturno-povijesnu i prirodnu ba\u0161tinu i razvoj turisti\u010dkih potencijala grada Jajca\u201c","provider_url":"https:\/\/www.agencija-jajce.ba\/de\/","author_name":"Admin","author_url":"https:\/\/www.agencija-jajce.ba\/de\/author\/admin\/","title":"Gemeindegalerie","type":"rich","width":600,"height":338,"html":"<blockquote class=\"wp-embedded-content\" data-secret=\"zafc9Q7V3o\"><a href=\"https:\/\/www.agencija-jajce.ba\/de\/gemeindegalerie\/\">Gemeindegalerie<\/a><\/blockquote><iframe sandbox=\"allow-scripts\" security=\"restricted\" src=\"https:\/\/www.agencija-jajce.ba\/de\/gemeindegalerie\/embed\/#?secret=zafc9Q7V3o\" width=\"600\" height=\"338\" title=\"&#8222;Gemeindegalerie&#8220; &#8211; JU \u201eAgencija za kulturno-povijesnu i prirodnu ba\u0161tinu i razvoj turisti\u010dkih potencijala grada Jajca\u201c\" data-secret=\"zafc9Q7V3o\" frameborder=\"0\" marginwidth=\"0\" marginheight=\"0\" scrolling=\"no\" class=\"wp-embedded-content\"><\/iframe><script type=\"text\/javascript\">\n\/* <![CDATA[ *\/\n\/*! This file is auto-generated *\/\n!function(d,l){\"use strict\";l.querySelector&&d.addEventListener&&\"undefined\"!=typeof URL&&(d.wp=d.wp||{},d.wp.receiveEmbedMessage||(d.wp.receiveEmbedMessage=function(e){var t=e.data;if((t||t.secret||t.message||t.value)&&!\/[^a-zA-Z0-9]\/.test(t.secret)){for(var s,r,n,a=l.querySelectorAll('iframe[data-secret=\"'+t.secret+'\"]'),o=l.querySelectorAll('blockquote[data-secret=\"'+t.secret+'\"]'),c=new RegExp(\"^https?:$\",\"i\"),i=0;i<o.length;i++)o[i].style.display=\"none\";for(i=0;i<a.length;i++)s=a[i],e.source===s.contentWindow&&(s.removeAttribute(\"style\"),\"height\"===t.message?(1e3<(r=parseInt(t.value,10))?r=1e3:~~r<200&&(r=200),s.height=r):\"link\"===t.message&&(r=new URL(s.getAttribute(\"src\")),n=new URL(t.value),c.test(n.protocol))&&n.host===r.host&&l.activeElement===s&&(d.top.location.href=t.value))}},d.addEventListener(\"message\",d.wp.receiveEmbedMessage,!1),l.addEventListener(\"DOMContentLoaded\",function(){for(var e,t,s=l.querySelectorAll(\"iframe.wp-embedded-content\"),r=0;r<s.length;r++)(t=(e=s[r]).getAttribute(\"data-secret\"))||(t=Math.random().toString(36).substring(2,12),e.src+=\"#?secret=\"+t,e.setAttribute(\"data-secret\",t)),e.contentWindow.postMessage({message:\"ready\",secret:t},\"*\")},!1)))}(window,document);\n\/* ]]> *\/\n<\/script>\n","thumbnail_url":"http:\/\/www.agencija-jajce.ba\/wp-content\/uploads\/2017\/03\/galerija.jpg","thumbnail_width":500,"thumbnail_height":333,"description":"Im alten Kr\u0161lak Haus, das sich an die Stadtmauern st\u00fctzt, auf dem Weg zur Festung befindet sich die Gemeindegalerie. Die Dauerausstellung der Galerie sind Bilder von K\u00fcnstlern aus Jajce und K\u00fcnstlern dessen Werke w\u00e4hrend ihres Aufenthalts in Jajce entstanden sind. Au\u00dfer alten Bildern z\u00e4hlen die \u00a0Skulpturen vom Bildhauer Du\u0161ko Rakita aus Jajce zum Teil der Dauerausstellung. Als Teil ihrer\u00a0 Aktivit\u00e4ten organisiert die Gemeindegalerie Mal- und Zeichenkurse sowie Malerkolonien. Kontakt Informationen: Gradska galerija Str. D\u017eikovac bb (Kr\u0161lakova ku\u0107a) \u00a0 Tel.: (0) 30 659 541 Fax: (0) 30 659 696 E- Mail: samir.hazbic@tel.net.baDiese E-Mail-Adresse ist vor Spambots gesch\u00fctzt! Zur Anzeige muss JavaScript eingeschaltet sein!"}

JU „Agencija za kulturno-povijesnu i prirodnu baštinu i razvoj turističkih potencijala grada Jajca“

<blockquote class="wp-embedded-content" data-secret="zafc9Q7V3o"><a href="https://www.agencija-jajce.ba/de/gemeindegalerie/">Gemeindegalerie</a></blockquote><iframe sandbox="allow-scripts" security="restricted" src="https://www.agencija-jajce.ba/de/gemeindegalerie/embed/#?secret=zafc9Q7V3o" width="600" height="338" title="&#8222;Gemeindegalerie&#8220; &#8211; JU „Agencija za kulturno-povijesnu i prirodnu baštinu i razvoj turističkih potencijala grada Jajca“" data-secret="zafc9Q7V3o" frameborder="0" marginwidth="0" marginheight="0" scrolling="no" class="wp-embedded-content"></iframe><script type="text/javascript">
/* <![CDATA[ */
/*! This file is auto-generated */
!function(d,l){"use strict";l.querySelector&&d.addEventListener&&"undefined"!=typeof URL&&(d.wp=d.wp||{},d.wp.receiveEmbedMessage||(d.wp.receiveEmbedMessage=function(e){var t=e.data;if((t||t.secret||t.message||t.value)&&!/[^a-zA-Z0-9]/.test(t.secret)){for(var s,r,n,a=l.querySelectorAll('iframe[data-secret="'+t.secret+'"]'),o=l.querySelectorAll('blockquote[data-secret="'+t.secret+'"]'),c=new RegExp("^https?:$","i"),i=0;i<o.length;i++)o[i].style.display="none";for(i=0;i<a.length;i++)s=a[i],e.source===s.contentWindow&&(s.removeAttribute("style"),"height"===t.message?(1e3<(r=parseInt(t.value,10))?r=1e3:~~r<200&&(r=200),s.height=r):"link"===t.message&&(r=new URL(s.getAttribute("src")),n=new URL(t.value),c.test(n.protocol))&&n.host===r.host&&l.activeElement===s&&(d.top.location.href=t.value))}},d.addEventListener("message",d.wp.receiveEmbedMessage,!1),l.addEventListener("DOMContentLoaded",function(){for(var e,t,s=l.querySelectorAll("iframe.wp-embedded-content"),r=0;r<s.length;r++)(t=(e=s[r]).getAttribute("data-secret"))||(t=Math.random().toString(36).substring(2,12),e.src+="#?secret="+t,e.setAttribute("data-secret",t)),e.contentWindow.postMessage({message:"ready",secret:t},"*")},!1)))}(window,document);
/* ]]> */
</script>

Im alten Kršlak Haus, das sich an die Stadtmauern stützt, auf dem Weg zur Festung befindet sich die Gemeindegalerie. Die Dauerausstellung der Galerie sind Bilder von Künstlern aus Jajce und Künstlern dessen Werke während ihres Aufenthalts in Jajce entstanden sind. Außer alten Bildern zählen die  Skulpturen vom Bildhauer Duško Rakita aus Jajce zum Teil der Dauerausstellung. Als Teil ihrer  Aktivitäten organisiert die Gemeindegalerie Mal- und Zeichenkurse sowie Malerkolonien. Kontakt Informationen: Gradska galerija Str. Džikovac bb (Kršlakova kuća)   Tel.: (0) 30 659 541 Fax: (0) 30 659 696 E- Mail: samir.hazbic@tel.net.baDiese E-Mail-Adresse ist vor Spambots geschützt! Zur Anzeige muss JavaScript eingeschaltet sein!
